 o(v) = -5*v + 21. Determine o(4).
1
Let j(w) = -2*w + 5. Calculate j(6).
-7
Let d(w) = -w**2 - 5*w - 3. Calculate d(-7).
-17
Let d(w) = w**3 + w**2 - w + 13. Calculate d(0).
13
Let z(p) = -p**3 + 11*p**2 - 15*p - 3. Give z(7).
88
Let o(l) = -4*l + 4. Determine o(-3).
16
Let x(h) = h**3 + 5*h**2 - 3*h - 1. Calculate x(-5).
14
Let h(p) = -3*p**2 + 11*p - 12. Give h(3).
-6
Let s(b) = -11*b + 139. Determine s(15).
-26
Let p(k) = -k - 3. Calculate p(-9).
6
Let p(j) = 4*j - 17. Determine p(0).
-17
Let p(x) = x**3 - 12*x**2 - 110*x - 1. Give p(-6).
11
Let q(z) = -2*z**3 + 12*z**2 + 2*z - 14. Calculate q(6).
-2
Let l(x) = x**2 - 5*x + 6. Determine l(6).
12
Let z(h) = -h**3 + 5*h**2 - 11*h + 18. What is z(4)?
-10
Let h(f) = 12*f + 12. Calculate h(5).
72
Let c(i) = -26*i - 12. Give c(5).
-142
Let z(c) = 3*c + 2. Determine z(-1).
-1
Let m(z) = 72*z + 271. Give m(-4).
-17
Let m(n) = n + 6. Give m(-29).
-23
Let w(m) = m**3 + 11*m**2 + 3*m + 37. Give w(-11).
4
Let d(c) = c**3 - 36*c**2 - 76*c + 11. Calculate d(38).
11
Let p(u) = -6*u + 49. What is p(15)?
-41
Let a(z) = -12*z - 8. Calculate a(1).
-20
Let i(j) = 39*j - 12. What is i(5)?
183
Let x(f) = 10*f - 64. Give x(6).
-4
Let t(j) = -j**2 - 32*j - 63. Give t(-2).
-3
Let a(n) = 8*n + 1. Calculate a(-6).
-47
Let u(b) = 2*b**2 - 5*b - 431. Calculate u(16).
1
Let n(c) = 2*c**2 + 33*c - 15. What is n(-16)?
-31
Let i(k) = -3*k + 5. Give i(2).
-1
Let o(m) = m**3 - 4*m**2 + m + 5. What is o(3)?
-1
Let f(u) = u**3 + 12*u**2 - 3*u - 17. Determine f(-12).
19
Let i(y) = y**2 - 5*y. Calculate i(3).
-6
Let t(a) = -5*a + 18. Give t(8).
-22
Let w(i) = i**2 - 7*i + 4. Give w(6).
-2
Let n(p) = -2*p**2 + p + 62. Give n(6).
-4
Let p(q) = -3*q**3 + 10*q**2 - q + 1. Determine p(3).
7
Let s(p) = -2*p - 12. Calculate s(-5).
-2
Let p(g) = g**2 + 10*g - 2. Give p(-7).
-23
Let c(h) = -h**2 - 2*h + 1. Calculate c(-2).
1
Let v(m) = 2*m + 8. Give v(6).
20
Let n(p) = -p**3 + 6*p**2 - 3*p + 15. Give n(6).
-3
Let r(d) = -22*d**2 + 3*d + 5. What is r(-2)?
-89
Let a(n) = -n**3 + 4*n**2 + 3*n + 15. Determine a(5).
5
Let g(h) = -2*h**2 - h + 8. What is g(-3)?
-7
Let p(v) = v**3 - 5*v**2 - 7*v + 2. Calculate p(7).
51
Let d(h) = -5*h. What is d(1)?
-5
Let p(a) = -2*a**2 - 2*a - 4. Calculate p(-5).
-44
Let w(l) = -56*l - 2. Calculate w(0).
-2
Let t(r) = r**3 - 6*r**2 - 3*r + 15. Calculate t(6).
-3
Let p(f) = -2*f**3 - 12*f**2 - 11*f + 10. Determine p(-6).
76
Let l(y) = -y**3 + 6*y**2 + 1. Give l(6).
1
Let h(v) = v**3 - 3*v**2 - 3*v - 8. Calculate h(0).
-8
Let t(x) = -x + 2. Give t(-9).
11
Let j(u) = -u**3 - 8*u**2 - 2*u + 9. Give j(-8).
25
Let s(m) = m**2 - 11*m + 26. Determine s(9).
8
Let o(l) = l**2 - 35*l + 27. Calculate o(34).
-7
Let w(u) = 3*u + 3. Calculate w(-6).
-15
Let b(h) = -h**3 - 8*h**2 + 5*h - 17. Give b(-9).
19
Let h(m) = m**3 + 5*m**2 - 6*m. Determine h(-6).
0
Let k(y) = -2*y**3 + 5*y**2 - 5*y + 18. Give k(3).
-6
Let w(r) = 2*r - 10. Give w(8).
6
Let f(d) = -d**2 + 8*d - 5. Determine f(3).
10
Let t(a) = 4*a - 41. Determine t(15).
19
Let y(n) = -n**2 + n + 2. Calculate y(5).
-18
Let p(x) = -7*x - 36. Calculate p(2).
-50
Let k(v) = v**3 - 5*v**2 - 2*v + 8. Calculate k(2).
-8
Let p(y) = y**3 - 7*y**2 + 2*y + 19. Determine p(6).
-5
Let o(g) = -56*g - 254. What is o(-5)?
26
Let r(a) = 2*a**3 - 5*a**2 - 2*a + 2. Determine r(4).
42
Let d(b) = 36*b - 1. What is d(0)?
-1
Let w(s) = -s**3 - 7*s**2 + 2*s - 28. What is w(-6)?
-76
Let r(p) = 6*p - 135. Determine r(24).
9
Let c(s) = -6*s - 3. What is c(13)?
-81
Let b(i) = -39*i - 97. Determine b(-3).
20
Let y(n) = n**2 + 11*n + 11. Calculate y(-11).
11
Let b(m) = -m - 29. Calculate b(-22).
-7
Let g(s) = 18*s + 156. Give g(-9).
-6
Let j(l) = -l**3 - 20*l**2 + 46*l + 39. Give j(-22).
-5
Let f(t) = 6*t**2 + 5*t - 5. Give f(1).
6
Let w(j) = -j**2 - 12*j - 2. Give w(-13).
-15
Let p(t) = -t**3 - 3*t**2 - 28*t - 54. Give p(-2).
-2
Let s(w) = 3*w**2 - 1. Determine s(-1).
2
Let b(l) = -l**3 + 3*l**2 + 10*l + 6. Give b(5).
6
Let j(l) = -l + 18. Determine j(12).
6
Let g(r) = r**2 - 21*r + 104. Calculate g(11).
-6
Let d(h) = h**2 + 3*h. Give d(-4).
4
Let l(f) = 2*f**3 - 5*f**2 + 6*f - 8. What is l(3)?
19
Let q(z) = 11*z - 1. What is q(-1)?
-12
Let i(w) = -w**3 + 5*w**2 - 4*w - 1. What is i(3)?
5
Let o(z) = 4*z**2 - z - 2. Give o(3).
31
Let i(n) = -n**2 + 5*n - 11. Calculate i(5).
-11
Let l(p) = p**2 - 12*p + 6. Give l(12).
6
Let j(w) = 27*w + 103. What is j(-5)?
-32
Let w(c) = c**3 + 9*c**2 + 2*c + 124. Calculate w(-10).
4
Let t(i) = -i**3 - 18*i**2 - 16*i + 9. Determine t(-17).
-8
Let b(i) = -i - 1. Determine b(9).
-10
Let q(p) = p**3 + 3*p**2 + p + 3. What is q(-2)?
5
Let m(g) = 2*g**3 - 16*g**2 - 2*g + 3. Give m(8).
-13
Let z(c) = 2*c + 16. Calculate z(-11).
-6
Let p(b) = 13*b**2 - 5*b + 5. Determine p(2).
47
Let q(n) = n**3 - 2*n**2 - 3*n - 7. Determine q(4).
13
Let a(m) = -16*m - 229. Give a(-14).
-5
Let m(l) = l**3 - 29*l**2 + 28*l - 3. What is m(28)?
-3
Let l(s) = -s**3 - 33*s**2 - 61*s + 16. Calculate l(-31).
-15
Let g(r) = 13*r**3 + 2*r**2 - 1. What is g(1)?
14
Let p(w) = w**3 + 13*w**2 - 2*w - 14. Give p(-13).
12
Let l(b) = 6*b**2 - b - 3. Calculate l(-4).
97
Let q(m) = -2*m - 44. Calculate q(0).
-44
Let p(h) = -h - 28. Calculate p(-6).
-22
Let o(b) = -b**2 - 11*b - 4. What is o(-9)?
14
Let j(g) = g**2 + 22*g + 69. Calculate j(-12).
-51
Let r(o) = -4*o + 84. Give r(4).
68
Let z(m) = m**2 - m - 4. Calculate z(2).
-2
Let q(m) = -25*m - 618. Calculate q(-25).
7
Let w(o) = 10*o + 15. Calculate w(-5).
-35
Let y(h) = -h**2 - 6. What is y(0)?
-6
Let o(k) = 2*k**2. What is o(2)?
8
Let j(k) = 3*k**2 + 5*k + 1. What is j(-5)?
51
Let g(k) = k**3 - 2*k**2 - 3*k - 10. Give g(4).
10
Let o(z) = 24*z - 9. Calculate o(-2).
-57
Let g(d) = -6*d**3. What is g(1)?
-6
Let q(y) = 11*y - 9. Give q(3).
24
Let r(q) = -3*q - 59. Determine r(-21).
4
Let u(g) = -g**3 + 27*g**2 + g - 20. Determine u(27).
7
Let u(w) = -3*w - 3. Calculate u(-2).
3
Let t(p) = p**2 - 9*p + 9. Give t(8).
1
Let l(u) = -u**2 + 17*u + 24. Determine l(13).
76
Let g(w) = -w**2 + 18*w - 16. What is g(17)?
1
Let i(a) = -5*a**2 - 10*a - 18. Give i(-3).
-33
Let u(a) = -2*a**2 - 10*a + 1. Determine u(-5).
1
Let y(i) = -4*i - 152. What is y(-33)?
-20
Let w(s) = -s**3 + 4*s**2 + 8*s - 26. Determine w(3).
7
Let r(g) = 2*g**2 - 103*g - 384. What is r(55)?
1
Let b(a) = -a + 6. Determine b(4).
2
Let c(x) = x**3 - x**2 - 24*x + 8. Calculate c(5).
-12
Let l(o) = 3*o - 77. What is l(8)?
-53
Let a(m) = -m**2 + 17. What is a(-9)?
-64
Let n(v) = -4*v**2 + v + 5. Determine n(3).
-28
Let k(u) = -4*u - 23. Determine k(20).
-103
Let q(c) = c**2 + 17*c + 12. What is q(-16)?
-4
Let a(u) = -2*u - 39. Give a(-9).
-21
Let l(r) = -r**2 - 7*r + 1. Calculate l(-9).
-17
Let t(f) = f**2 - 3*f + 9. Give t(0).
9
Let u(c) = -2*c**2 + 6. Determine u(6).
-66
Let h(b) = -b**3 + 12*b**2 - 12*b + 19. Calculate h(11).
8
Let u(y) = 3*y**2 + 2*y - 2. Calculate u(-4).
38
Let g(o) = -4*o - 31. Determine g(-18).
41
Let g(r) = -r**2 + 20*r - 52. Calculate g(19).
-33
Let o(q) = 3*q - 14. Calculate o(4).
-2
Let w(r) = 2*r**2 - 13*r - 22. Give w(-3).
35
Let r(a) = -190*a + 1141. What is r(6)?
1
Let x(o) = -5*o**2 - 5*o + 5. Determine x(-5).
-95
Let b(y) = y**2 - 4*y + 4. Calculate b(2).
0
Let o(s) = -s**2 + 12*s - 20. Calculate o(4).
12
Let i(o) = -o**2 + o + 14. What is i(6)?
-16
Let o(z) = 9*z**3 - z. What is o(-1)?
-8
Let t(x) = -x**2 - 34*x + 229. Calculate t(6).
-11
Let r(o) = 19*o - 31. What is r(2)?
7
Let z(t) = -t**2 - 3*t + 80. Determine z(8).
-8
Let t(i) = i**2 + 18*i - 33. Give t(-20).
7
Let s(z) = -23*z + 21. Give s(0).
21
Let v(s) = -5*s - 25. Give v(-8).
15
Let j(r) = r**3 + 28*r**2 - 30*r - 26. Calculate j(-29).
3
Let t(w) = -4*w + 74. What is t(19)?
-2
Let r(n) = -n**2 + 2*n + 113. Give r(-9).
14
Let i(j) = j**2 - j - 16. Give i(0).
-16
Let t(k) = k**3 - 3*k**2 + 15*k - 21. What is t(2)?
5
Let t(n) = -2*n**3 - 5*n**2 + 3*n. Determine t(1).
-4
Let v(b) = b - 22. Give v(-10).
-32
Let f(g) = g**3 + 13*g**2 + 38*g + 5. Determine f(-9).
-13
Let f(h) = -2*h + 38. Give f(7).
24
Let d(v) = -v**2 - 19*v + 100. What is d(-20)?
80
Let b(m) = 3*m**2 - 4*m. What is b(0)?
0
Let j(k) = -k**2 - 13*k + 32. Give j(-16).
-16
Let x(b) = -2*b**2 - 7*b - 2. Determine x(-4).
-6
Let a(p) = p**2 - 48*